{"id":380,"date":"2023-05-17T14:13:43","date_gmt":"2023-05-17T14:13:43","guid":{"rendered":"https:\/\/encantada.com.br\/?page_id=380"},"modified":"2023-07-05T19:15:12","modified_gmt":"2023-07-05T19:15:12","slug":"servicios","status":"publish","type":"page","link":"https:\/\/encantada.com.br\/?page_id=380","title":{"rendered":"Servi\u00e7os"},"content":{"rendered":"\n<h2 class=\"wp-block-heading alignfull has-text-align-left has-nv-site-bg-color has-nv-dark-bg-background-color has-text-color has-background\">produtos e Servi\u00e7os<\/h2>\n\n\n\n<div class=\"wp-block-group alignfull has-global-padding is-layout-constrained wp-block-group-is-layout-constrained\">\n<div class=\"wp-block-group alignfull has-global-padding is-layout-constrained wp-block-group-is-layout-constrained\">\n<div id=\"wp-block-themeisle-blocks-advanced-columns-4141d436\" class=\"wp-block-themeisle-blocks-advanced-columns alignfull has-1-columns has-desktop-equal-layout has-tablet-equal-layout has-mobile-equal-layout has-vertical-top\"><div class=\"wp-block-themeisle-blocks-advanced-columns-overlay\"><\/div><div class=\"innerblocks-wrap\">\n<div id=\"wp-block-themeisle-blocks-advanced-column-3af80f0c\" class=\"wp-block-themeisle-blocks-advanced-column\">\n<h2 class=\"wp-block-heading has-text-align-center\">Encantada Ranchos<\/h2>\n\n\n\n<p>Condominio Horizontal Residencial Rural&#8230; Natureza e Qualidade de vida para su refugio familiar&#8230; O lugar para realizar seu sonho&#8230;  Um estilo de vida em um para\u00edso terrestre&#8230; A poucos minutos de 10 praias paradis\u00edacas&#8230; Em no cora\u00e7\u00e3o do bairro  de Encantada.<\/p>\n\n\n\n<p>saiba mais click na fotos&#8230;<\/p>\n<\/div>\n<\/div><\/div>\n\n\n\n<div id=\"wp-block-themeisle-blocks-advanced-columns-ed12eafa\" class=\"wp-block-themeisle-blocks-advanced-columns alignfull has-1-columns has-desktop-equal-layout has-tablet-equal-layout has-mobile-equal-layout has-vertical-top has-dark-bg\"><div class=\"wp-block-themeisle-blocks-advanced-columns-overlay\"><\/div><div class=\"innerblocks-wrap\">\n<div id=\"wp-block-themeisle-blocks-advanced-column-f8731f9c\" class=\"wp-block-themeisle-blocks-advanced-column\">\n<figure class=\"wp-block-gallery has-nested-images columns-default is-cropped wp-block-gallery-1 is-layout-flex wp-block-gallery-is-layout-flex\">\n<figure class=\"wp-block-image size-large\"><a href=\"https:\/\/www.instagram.com\/encantadaranchos\/\"><img loading=\"lazy\" decoding=\"async\" width=\"768\" height=\"1024\" data-id=\"584\" src=\"https:\/\/encantada.com.br\/wp-content\/uploads\/2023\/05\/IMG_4013-1-768x1024.jpg\" alt=\"\" class=\"wp-image-584\" srcset=\"https:\/\/encantada.com.br\/wp-content\/uploads\/2023\/05\/IMG_4013-1-768x1024.jpg 768w, https:\/\/encantada.com.br\/wp-content\/uploads\/2023\/05\/IMG_4013-1-225x300.jpg 225w, https:\/\/encantada.com.br\/wp-content\/uploads\/2023\/05\/IMG_4013-1-1152x1536.jpg 1152w, https:\/\/encantada.com.br\/wp-content\/uploads\/2023\/05\/IMG_4013-1-1536x2048.jpg 1536w, https:\/\/encantada.com.br\/wp-content\/uploads\/2023\/05\/IMG_4013-1-scaled.jpg 1920w\" sizes=\"auto, (max-width: 768px) 100vw, 768px\" \/><\/a><\/figure>\n\n\n\n<figure class=\"wp-block-image size-large\"><a href=\"https:\/\/www.instagram.com\/encantadaranchos\/\"><img loading=\"lazy\" decoding=\"async\" width=\"768\" height=\"1024\" data-id=\"585\" src=\"https:\/\/encantada.com.br\/wp-content\/uploads\/2023\/05\/IMG_7404-1-768x1024.jpg\" alt=\"\" class=\"wp-image-585\" srcset=\"https:\/\/encantada.com.br\/wp-content\/uploads\/2023\/05\/IMG_7404-1-768x1024.jpg 768w, https:\/\/encantada.com.br\/wp-content\/uploads\/2023\/05\/IMG_7404-1-225x300.jpg 225w, https:\/\/encantada.com.br\/wp-content\/uploads\/2023\/05\/IMG_7404-1-1152x1536.jpg 1152w, https:\/\/encantada.com.br\/wp-content\/uploads\/2023\/05\/IMG_7404-1-1536x2048.jpg 1536w, https:\/\/encantada.com.br\/wp-content\/uploads\/2023\/05\/IMG_7404-1-scaled.jpg 1920w\" sizes=\"auto, (max-width: 768px) 100vw, 768px\" \/><\/a><\/figure>\n\n\n\n<figure class=\"wp-block-image size-large\"><a href=\"https:\/\/www.instagram.com\/encantadaranchos\/\"><img loading=\"lazy\" decoding=\"async\" width=\"768\" height=\"1024\" data-id=\"586\" src=\"https:\/\/encantada.com.br\/wp-content\/uploads\/2023\/05\/IMG_6570-1-768x1024.jpg\" alt=\"\" class=\"wp-image-586\" srcset=\"https:\/\/encantada.com.br\/wp-content\/uploads\/2023\/05\/IMG_6570-1-768x1024.jpg 768w, https:\/\/encantada.com.br\/wp-content\/uploads\/2023\/05\/IMG_6570-1-225x300.jpg 225w, https:\/\/encantada.com.br\/wp-content\/uploads\/2023\/05\/IMG_6570-1-1152x1536.jpg 1152w, https:\/\/encantada.com.br\/wp-content\/uploads\/2023\/05\/IMG_6570-1-1536x2048.jpg 1536w, https:\/\/encantada.com.br\/wp-content\/uploads\/2023\/05\/IMG_6570-1-scaled.jpg 1920w\" sizes=\"auto, (max-width: 768px) 100vw, 768px\" \/><\/a><\/figure>\n<\/figure>\n<\/div>\n<\/div><\/div>\n\n\n\n<div id=\"wp-block-themeisle-blocks-advanced-columns-2bfea42f\" class=\"wp-block-themeisle-blocks-advanced-columns alignfull has-1-columns has-desktop-equal-layout has-tablet-equal-layout has-mobile-equal-layout has-vertical-top\"><div class=\"wp-block-themeisle-blocks-advanced-columns-overlay\"><\/div><div class=\"innerblocks-wrap\">\n<div id=\"wp-block-themeisle-blocks-advanced-column-fd7104a8\" class=\"wp-block-themeisle-blocks-advanced-column\">\n<h2 class=\"wp-block-heading has-text-align-center\">producto o servicio<\/h2>\n\n\n\n<p>Descripcion producto o servicio. Borre lo escrito y escriba el nuevo texto.<\/p>\n<\/div>\n<\/div><\/div>\n\n\n\n<div id=\"wp-block-themeisle-blocks-advanced-columns-381822df\" class=\"wp-block-themeisle-blocks-advanced-columns alignfull has-1-columns has-desktop-equal-layout has-tablet-equal-layout has-mobile-equal-layout has-vertical-top has-dark-bg\"><div class=\"wp-block-themeisle-blocks-advanced-columns-overlay\"><\/div><div class=\"innerblocks-wrap\">\n<div id=\"wp-block-themeisle-blocks-advanced-column-b97dec7d\" class=\"wp-block-themeisle-blocks-advanced-column\">\n<figure class=\"wp-block-gallery has-nested-images columns-default is-cropped wp-block-gallery-2 is-layout-flex wp-block-gallery-is-layout-flex\">\n<figure class=\"wp-block-image\"><img loading=\"lazy\" decoding=\"async\" width=\"2560\" height=\"1920\" data-id=\"597\" src=\"https:\/\/encantada.com.br\/wp-content\/uploads\/2023\/05\/IMG_4497-scaled.jpg\" alt=\"\" class=\"wp-image-597\" srcset=\"https:\/\/encantada.com.br\/wp-content\/uploads\/2023\/05\/IMG_4497-scaled.jpg 2560w, https:\/\/encantada.com.br\/wp-content\/uploads\/2023\/05\/IMG_4497-300x225.jpg 300w, https:\/\/encantada.com.br\/wp-content\/uploads\/2023\/05\/IMG_4497-1024x768.jpg 1024w, https:\/\/encantada.com.br\/wp-content\/uploads\/2023\/05\/IMG_4497-768x576.jpg 768w, https:\/\/encantada.com.br\/wp-content\/uploads\/2023\/05\/IMG_4497-1536x1152.jpg 1536w, https:\/\/encantada.com.br\/wp-content\/uploads\/2023\/05\/IMG_4497-2048x1536.jpg 2048w\" sizes=\"auto, (max-width: 2560px) 100vw, 2560px\" \/><\/figure>\n\n\n\n<figure class=\"wp-block-image\"><img loading=\"lazy\" decoding=\"async\" width=\"1920\" height=\"2560\" data-id=\"596\" src=\"https:\/\/encantada.com.br\/wp-content\/uploads\/2023\/05\/IMG_4494-scaled.jpg\" alt=\"\" class=\"wp-image-596\" srcset=\"https:\/\/encantada.com.br\/wp-content\/uploads\/2023\/05\/IMG_4494-scaled.jpg 1920w, https:\/\/encantada.com.br\/wp-content\/uploads\/2023\/05\/IMG_4494-225x300.jpg 225w, https:\/\/encantada.com.br\/wp-content\/uploads\/2023\/05\/IMG_4494-768x1024.jpg 768w, https:\/\/encantada.com.br\/wp-content\/uploads\/2023\/05\/IMG_4494-1152x1536.jpg 1152w, https:\/\/encantada.com.br\/wp-content\/uploads\/2023\/05\/IMG_4494-1536x2048.jpg 1536w\" sizes=\"auto, (max-width: 1920px) 100vw, 1920px\" \/><\/figure>\n\n\n\n<figure class=\"wp-block-image\"><img loading=\"lazy\" decoding=\"async\" width=\"2560\" height=\"1920\" data-id=\"595\" src=\"https:\/\/encantada.com.br\/wp-content\/uploads\/2023\/05\/IMG_4491-scaled.jpg\" alt=\"\" class=\"wp-image-595\" srcset=\"https:\/\/encantada.com.br\/wp-content\/uploads\/2023\/05\/IMG_4491-scaled.jpg 2560w, https:\/\/encantada.com.br\/wp-content\/uploads\/2023\/05\/IMG_4491-300x225.jpg 300w, https:\/\/encantada.com.br\/wp-content\/uploads\/2023\/05\/IMG_4491-1024x768.jpg 1024w, https:\/\/encantada.com.br\/wp-content\/uploads\/2023\/05\/IMG_4491-768x576.jpg 768w, https:\/\/encantada.com.br\/wp-content\/uploads\/2023\/05\/IMG_4491-1536x1152.jpg 1536w, https:\/\/encantada.com.br\/wp-content\/uploads\/2023\/05\/IMG_4491-2048x1536.jpg 2048w\" sizes=\"auto, (max-width: 2560px) 100vw, 2560px\" \/><\/figure>\n<\/figure>\n<\/div>\n<\/div><\/div>\n\n\n\n<div id=\"wp-block-themeisle-blocks-advanced-columns-517b5b54\" class=\"wp-block-themeisle-blocks-advanced-columns alignfull has-1-columns has-desktop-equal-layout has-tablet-equal-layout has-mobile-equal-layout has-vertical-top\"><div class=\"wp-block-themeisle-blocks-advanced-columns-overlay\"><\/div><div class=\"innerblocks-wrap\">\n<div id=\"wp-block-themeisle-blocks-advanced-column-6c669d97\" class=\"wp-block-themeisle-blocks-advanced-column\">\n<h2 class=\"wp-block-heading has-text-align-center\">producto o servicio<\/h2>\n\n\n\n<p>Descripcion producto o servicio. Borre lo escrito y escriba el nuevo texto.<\/p>\n<\/div>\n<\/div><\/div>\n\n\n\n<div id=\"wp-block-themeisle-blocks-advanced-columns-070db8e7\" class=\"wp-block-themeisle-blocks-advanced-columns alignfull has-1-columns has-desktop-equal-layout has-tablet-equal-layout has-mobile-equal-layout has-vertical-top has-dark-bg\"><div class=\"wp-block-themeisle-blocks-advanced-columns-overlay\"><\/div><div class=\"innerblocks-wrap\">\n<div id=\"wp-block-themeisle-blocks-advanced-column-b94747af\" class=\"wp-block-themeisle-blocks-advanced-column\">\n<figure class=\"wp-block-gallery has-nested-images columns-default is-cropped wp-block-gallery-3 is-layout-flex wp-block-gallery-is-layout-flex\">\n<figure class=\"wp-block-image\"><img loading=\"lazy\" decoding=\"async\" width=\"2560\" height=\"1920\" data-id=\"597\" src=\"https:\/\/encantada.com.br\/wp-content\/uploads\/2023\/05\/IMG_4497-scaled.jpg\" alt=\"\" class=\"wp-image-597\" srcset=\"https:\/\/encantada.com.br\/wp-content\/uploads\/2023\/05\/IMG_4497-scaled.jpg 2560w, https:\/\/encantada.com.br\/wp-content\/uploads\/2023\/05\/IMG_4497-300x225.jpg 300w, https:\/\/encantada.com.br\/wp-content\/uploads\/2023\/05\/IMG_4497-1024x768.jpg 1024w, https:\/\/encantada.com.br\/wp-content\/uploads\/2023\/05\/IMG_4497-768x576.jpg 768w, https:\/\/encantada.com.br\/wp-content\/uploads\/2023\/05\/IMG_4497-1536x1152.jpg 1536w, https:\/\/encantada.com.br\/wp-content\/uploads\/2023\/05\/IMG_4497-2048x1536.jpg 2048w\" sizes=\"auto, (max-width: 2560px) 100vw, 2560px\" \/><\/figure>\n\n\n\n<figure class=\"wp-block-image\"><img loading=\"lazy\" decoding=\"async\" width=\"1920\" height=\"2560\" data-id=\"596\" src=\"https:\/\/encantada.com.br\/wp-content\/uploads\/2023\/05\/IMG_4494-scaled.jpg\" alt=\"\" class=\"wp-image-596\" srcset=\"https:\/\/encantada.com.br\/wp-content\/uploads\/2023\/05\/IMG_4494-scaled.jpg 1920w, https:\/\/encantada.com.br\/wp-content\/uploads\/2023\/05\/IMG_4494-225x300.jpg 225w, https:\/\/encantada.com.br\/wp-content\/uploads\/2023\/05\/IMG_4494-768x1024.jpg 768w, https:\/\/encantada.com.br\/wp-content\/uploads\/2023\/05\/IMG_4494-1152x1536.jpg 1152w, https:\/\/encantada.com.br\/wp-content\/uploads\/2023\/05\/IMG_4494-1536x2048.jpg 1536w\" sizes=\"auto, (max-width: 1920px) 100vw, 1920px\" \/><\/figure>\n\n\n\n<figure class=\"wp-block-image\"><img loading=\"lazy\" decoding=\"async\" width=\"2560\" height=\"1920\" data-id=\"595\" src=\"https:\/\/encantada.com.br\/wp-content\/uploads\/2023\/05\/IMG_4491-scaled.jpg\" alt=\"\" class=\"wp-image-595\" srcset=\"https:\/\/encantada.com.br\/wp-content\/uploads\/2023\/05\/IMG_4491-scaled.jpg 2560w, https:\/\/encantada.com.br\/wp-content\/uploads\/2023\/05\/IMG_4491-300x225.jpg 300w, https:\/\/encantada.com.br\/wp-content\/uploads\/2023\/05\/IMG_4491-1024x768.jpg 1024w, https:\/\/encantada.com.br\/wp-content\/uploads\/2023\/05\/IMG_4491-768x576.jpg 768w, https:\/\/encantada.com.br\/wp-content\/uploads\/2023\/05\/IMG_4491-1536x1152.jpg 1536w, https:\/\/encantada.com.br\/wp-content\/uploads\/2023\/05\/IMG_4491-2048x1536.jpg 2048w\" sizes=\"auto, (max-width: 2560px) 100vw, 2560px\" \/><\/figure>\n<\/figure>\n<\/div>\n<\/div><\/div>\n\n\n\n<div id=\"wp-block-themeisle-blocks-advanced-columns-5bd1b793\" class=\"wp-block-themeisle-blocks-advanced-columns alignfull has-1-columns has-desktop-equal-layout has-tablet-equal-layout has-mobile-equal-layout has-vertical-top\"><div class=\"wp-block-themeisle-blocks-advanced-columns-overlay\"><\/div><div class=\"innerblocks-wrap\">\n<div id=\"wp-block-themeisle-blocks-advanced-column-ac279939\" class=\"wp-block-themeisle-blocks-advanced-column\">\n<h2 class=\"wp-block-heading has-text-align-center\">producto o servicio<\/h2>\n\n\n\n<p>Descripcion producto o servicio. Borre lo escrito y escriba el nuevo texto.<\/p>\n<\/div>\n<\/div><\/div>\n\n\n\n<div id=\"wp-block-themeisle-blocks-advanced-columns-2d5ba7e2\" class=\"wp-block-themeisle-blocks-advanced-columns alignfull has-1-columns has-desktop-equal-layout has-tablet-equal-layout has-mobile-equal-layout has-vertical-top has-dark-bg\"><div class=\"wp-block-themeisle-blocks-advanced-columns-overlay\"><\/div><div class=\"innerblocks-wrap\">\n<div id=\"wp-block-themeisle-blocks-advanced-column-7d037f97\" class=\"wp-block-themeisle-blocks-advanced-column\">\n<figure class=\"wp-block-gallery has-nested-images columns-default is-cropped wp-block-gallery-4 is-layout-flex wp-block-gallery-is-layout-flex\">\n<figure class=\"wp-block-image\"><img loading=\"lazy\" decoding=\"async\" width=\"2560\" height=\"1920\" data-id=\"597\" src=\"https:\/\/encantada.com.br\/wp-content\/uploads\/2023\/05\/IMG_4497-scaled.jpg\" alt=\"\" class=\"wp-image-597\" srcset=\"https:\/\/encantada.com.br\/wp-content\/uploads\/2023\/05\/IMG_4497-scaled.jpg 2560w, https:\/\/encantada.com.br\/wp-content\/uploads\/2023\/05\/IMG_4497-300x225.jpg 300w, https:\/\/encantada.com.br\/wp-content\/uploads\/2023\/05\/IMG_4497-1024x768.jpg 1024w, https:\/\/encantada.com.br\/wp-content\/uploads\/2023\/05\/IMG_4497-768x576.jpg 768w, https:\/\/encantada.com.br\/wp-content\/uploads\/2023\/05\/IMG_4497-1536x1152.jpg 1536w, https:\/\/encantada.com.br\/wp-content\/uploads\/2023\/05\/IMG_4497-2048x1536.jpg 2048w\" sizes=\"auto, (max-width: 2560px) 100vw, 2560px\" \/><\/figure>\n\n\n\n<figure class=\"wp-block-image\"><img loading=\"lazy\" decoding=\"async\" width=\"1920\" height=\"2560\" data-id=\"596\" src=\"https:\/\/encantada.com.br\/wp-content\/uploads\/2023\/05\/IMG_4494-scaled.jpg\" alt=\"\" class=\"wp-image-596\" srcset=\"https:\/\/encantada.com.br\/wp-content\/uploads\/2023\/05\/IMG_4494-scaled.jpg 1920w, https:\/\/encantada.com.br\/wp-content\/uploads\/2023\/05\/IMG_4494-225x300.jpg 225w, https:\/\/encantada.com.br\/wp-content\/uploads\/2023\/05\/IMG_4494-768x1024.jpg 768w, https:\/\/encantada.com.br\/wp-content\/uploads\/2023\/05\/IMG_4494-1152x1536.jpg 1152w, https:\/\/encantada.com.br\/wp-content\/uploads\/2023\/05\/IMG_4494-1536x2048.jpg 1536w\" sizes=\"auto, (max-width: 1920px) 100vw, 1920px\" \/><\/figure>\n\n\n\n<figure class=\"wp-block-image\"><img loading=\"lazy\" decoding=\"async\" width=\"2560\" height=\"1920\" data-id=\"595\" src=\"https:\/\/encantada.com.br\/wp-content\/uploads\/2023\/05\/IMG_4491-scaled.jpg\" alt=\"\" class=\"wp-image-595\" srcset=\"https:\/\/encantada.com.br\/wp-content\/uploads\/2023\/05\/IMG_4491-scaled.jpg 2560w, https:\/\/encantada.com.br\/wp-content\/uploads\/2023\/05\/IMG_4491-300x225.jpg 300w, https:\/\/encantada.com.br\/wp-content\/uploads\/2023\/05\/IMG_4491-1024x768.jpg 1024w, https:\/\/encantada.com.br\/wp-content\/uploads\/2023\/05\/IMG_4491-768x576.jpg 768w, https:\/\/encantada.com.br\/wp-content\/uploads\/2023\/05\/IMG_4491-1536x1152.jpg 1536w, https:\/\/encantada.com.br\/wp-content\/uploads\/2023\/05\/IMG_4491-2048x1536.jpg 2048w\" sizes=\"auto, (max-width: 2560px) 100vw, 2560px\" \/><\/figure>\n<\/figure>\n<\/div>\n<\/div><\/div>\n<\/div>\n<\/div>\n","protected":false},"excerpt":{"rendered":"<p>produtos e Servi\u00e7os<\/p>\n","protected":false},"author":1,"featured_media":0,"parent":0,"menu_order":0,"comment_status":"closed","ping_status":"closed","template":"","meta":{"_themeisle_gutenberg_block_has_review":false,"footnotes":""},"class_list":["post-380","page","type-page","status-publish","hentry"],"_links":{"self":[{"href":"https:\/\/encantada.com.br\/index.php?rest_route=\/wp\/v2\/pages\/380","targetHints":{"allow":["GET"]}}],"collection":[{"href":"https:\/\/encantada.com.br\/index.php?rest_route=\/wp\/v2\/pages"}],"about":[{"href":"https:\/\/encantada.com.br\/index.php?rest_route=\/wp\/v2\/types\/page"}],"author":[{"embeddable":true,"href":"https:\/\/encantada.com.br\/index.php?rest_route=\/wp\/v2\/users\/1"}],"replies":[{"embeddable":true,"href":"https:\/\/encantada.com.br\/index.php?rest_route=%2Fwp%2Fv2%2Fcomments&post=380"}],"version-history":[{"count":26,"href":"https:\/\/encantada.com.br\/index.php?rest_route=\/wp\/v2\/pages\/380\/revisions"}],"predecessor-version":[{"id":837,"href":"https:\/\/encantada.com.br\/index.php?rest_route=\/wp\/v2\/pages\/380\/revisions\/837"}],"wp:attachment":[{"href":"https:\/\/encantada.com.br\/index.php?rest_route=%2Fwp%2Fv2%2Fmedia&parent=380"}],"curies":[{"name":"wp","href":"https:\/\/api.w.org\/{rel}","templated":true}]}}